 887, 11131
List the prime factors of 943684693.
7, 857, 157307
What are the prime factors of 1987915002?
2, 3, 983, 337049
What are the prime factors of 1256903064?
2, 3, 157, 111191
What are the prime factors of 39388535?
5, 23, 37, 9257
List the prime factors of 202538365.
5, 1093, 37061
List the prime factors of 38200383.
3, 13, 43, 2531
What are the prime factors of 1079677210?
2, 5, 107967721
What are the prime factors of 629424889?
629424889
List the prime factors of 77571442.
2, 13, 17, 223, 787
What are the prime factors of 2564049681?
3, 94964803
What are the prime factors of 4128129061?
7, 277, 1409, 1511
List the prime factors of 162105684.
2, 3, 13, 1039139
List the prime factors of 492943127.
8641, 57047
List the prime factors of 207583651.
11, 17, 181, 6133
What are the prime factors of 168773466?
2, 3, 19, 41, 36109
What are the prime factors of 707903482?
2, 11, 13, 19, 911
List the prime factors of 36212166.
2, 3, 23, 3803
What are the prime factors of 253411829?
11, 271, 85009
What are the prime factors of 63818312?
2, 7977289
What are the prime factors of 4371074414?
2, 7, 727, 429463
List the prime factors of 149889801.
3, 353, 141539
List the prime factors of 1990725863.
7, 284389409
What are the prime factors of 105949282?
2, 19, 431, 6469
List the prime factors of 685293208.
2, 85661651
List the prime factors of 57103016.
2, 7137877
List the prime factors of 51778041.
3, 7, 2465621
What are the prime factors of 335869255?
5, 17, 107, 36929
List the prime factors of 990107437.
11, 1109, 81163
List the prime factors of 223215048.
2, 3, 7, 147629
What are the prime factors of 178489574?
2, 89244787
What are the prime factors of 209744010?
2, 3, 5, 7, 199, 239
What are the prime factors of 1243822633?
127, 359, 27281
What are the prime factors of 147461871?
3, 41, 1198877
List the prime factors of 867505226.
2, 7, 47, 28051
What are the prime factors of 2964506859?
3, 37, 73, 121951
What are the prime factors of 273414021?
3, 269, 338803
List the prime factors of 2141385614.
2, 19, 6719, 8387
List the prime factors of 435660.
2, 3, 5, 53, 137
List the prime factors of 575582697.
3, 281, 227593
List the prime factors of 378703924.
2, 23, 29, 43, 3301
List the prime factors of 423726319.
423726319
List the prime factors of 390075901.
390075901
What are the prime factors of 86341817?
86341817
What are the prime factors of 3496015738?
2, 1748007869
What are the prime factors of 99656694?
2, 3, 5536483
What are the prime factors of 26014668?
2, 3, 2167889
What are the prime factors of 921451043?
3301, 279143
List the prime factors of 409007693.
409007693
List the prime factors of 1868186246.
2, 3821, 244463
What are the prime factors of 45217351?
29, 257, 6067
What are the prime factors of 237648422?
2, 11, 83, 130147
List the prime factors of 165687379.
11, 13, 1158653
List the prime factors of 100765111.
29, 3474659
List the prime factors of 16186857.
3, 157, 34367
List the prime factors of 244053533.
244053533
What are the prime factors of 109886515?
5, 2213, 9931
What are the prime factors of 642581839?
227, 1201, 2357
List the prime factors of 567286074.
2, 3, 31515893
List the prime factors of 189171469.
53, 983, 3631
What are the prime factors of 244684857?
3, 7207, 11317
List the prime factors of 40496299.
569, 71171
What are the prime factors of 11543420?
2, 5, 7, 11779
What are the prime factors of 2989095937?
43, 59, 1178201
What are the prime factors of 3696213?
3, 1232071
What are the prime factors of 581439789?
3, 7, 733, 1399
List the prime factors of 2382624370.
2, 5, 7, 73, 466267
List the prime factors of 5011346323.
31, 401, 403133
List the prime factors of 228598716.
2, 3, 19049893
List the prime factors of 161987325.
3, 5, 2159831
List the prime factors of 24562013.
7, 31, 113189
What are the prime factors of 1159928340?
2, 3, 5, 19, 1017481
List the prime factors of 170384333.
7, 24340619
What are the prime factors of 2832661725?
3, 5, 37, 1020779
List the prime factors of 87156517.
7, 12450931
List the prime factors of 263610419.
4969, 53051
List the prime factors of 1328604185.
5, 59, 71, 229, 277
List the prime factors of 453793122.
2, 3, 25210729
What are the prime factors of 201077266?
2, 13, 19, 491, 829
What are the prime factors of 868215852?
2, 3, 7, 3445301
List the prime factors of 518525003.
31, 43, 388991
What are the prime factors of 248755336?
2, 97, 320561
What are the prime factors of 102901064?
2, 7, 43, 151, 283
List the prime factors of 6278557787.
37, 241, 704111
List the prime factors of 5982398587.
11, 543854417
List the prime factors of 73202129.
7, 11, 13, 31, 337
What are the prime factors of 47926307?
11, 13, 335149
List the prime factors of 5963164090.
2, 5, 13, 53, 865481
List the prime factors of 3305926124.
2, 2857, 289283
List the prime factors of 122418178.
2, 19, 103, 31277
List the prime factors of 471044293.
47, 10022219
What are the prime factors of 2213407467?
3, 245934163
List the prime factors of 6225613711.
23, 4003, 67619
List the prime factors of 349587096.
2, 3, 61, 238789
List the prime factors of 1135869448.
2, 7, 29, 699427
List the prime factors of 850570058.
2, 13, 29, 601, 1877
List the prime factors of 5377037389.
17, 31, 83, 122929
List the prime factors of 1822357727.
3361, 542207
List the prime factors of 1015790931.
3, 47, 487, 4931
List the prime factors of 29397703.
23, 31, 41231
What are the prime factors of 776837937?
3, 1801, 143779
What are the prime factors of 226259346?
2, 3, 37709891
What are the prime factors of 668367190?
2, 5, 1987, 33637
List the prime factors of 7184584191.
3, 911, 2628827
List the prime factors of 11961856.
2, 61, 383
What are the prime factors of 85098468?
2, 3, 7, 13, 77929
What are the prime factors of 55464176?
2, 137, 25303
What are the prime factors of 7319470258?
2, 17, 215278537
List the prime factors of 183497801.
19, 9657779
List the prime factors of 120927462.
2, 3, 59, 341603
What are the prime factors of 551505573?
3, 43, 1425079
What are the prime factors of 667826894?
2, 7, 43, 1109347
What are the prime factors of 485532041?
485532041
What are the prime factors of 665623063?
7, 95089009
List the prime factors of 1368211901.
7, 17, 1723, 6673
What are the prime factors of 46591698?
2, 3, 23, 31, 10891
What are the prime factors of 161228501?
7, 1787, 12889
What are the prime factors of 202933413?
3, 599, 37643
What are the prime factors of 84179259?
3, 1949, 4799
List the prime factors of 2020517226.
2, 3, 7, 13, 1233527
What are the prime factors of 79114957?
17, 179, 25999
What are the prime factors of 41837943?
3, 7, 19, 23, 47, 97
What are the prime factors of 354964763?
73, 4862531
List the prime factors of 4161095.
5, 19, 43801
List the prime factors of 7088088.
2, 3, 7, 31, 1361
What are the prime factors of 1103796327?
3, 367932109
What are the prime factors of 341296379?
23, 14838973
List the prime factors of 604744784.
2, 7, 5399507
List the prime factors of 32572793.
11, 53, 55871
List the prime factors of 25968676.
2, 61, 71, 1499
List the prime factors of 28635963.
3, 29, 443, 743
What are the prime factors of 19679630?
2, 5, 19, 103577
What are the prime factors of 406828403?
1319, 308437
What are the prime factors of 254238343?
23, 11053841
What are the prime factors of 133306526?
2, 271, 419, 587
What are the prime factors of 125636060?
2, 5, 11, 173, 3301
List the prime factors of 80919717.
3, 26973239
List the prime factors of 5234143357.
367, 14261971
What are the prime factors of 728033258?
2, 43, 8465503
What are the prime factors of 36173988?
2, 3, 911, 1103
List the prime factors of 2799183793.
7, 399883399
List the prime factors of 341177704.
2, 7, 607, 10037
What are the prime factors of 269942289?
3, 79, 1138997
List the prime factors of 1071519911.
7, 11, 17, 818579
List the prime factors of 303184520.
2, 5, 19, 269, 1483
List the prime factors of 709478554.
2, 354739277
What are the prime factors of 41673800?
2, 5, 7, 17, 103
List the prime factors of 7230870993.
3, 31, 47, 103, 16061
List the prime factors of 543321082.
2, 43, 1297, 4871
What are the prime factors of 16624654?
2, 8312327
What are the prime factors of 489726674?
2, 191, 1282007
What are the prime factors of 